. Let p be b(3). Let a = p + 15. Let r = 26 - a. Is 6 a factor of r?
True
Let q(c) = -c + 7. Let z be q(-9). Suppose m = -0*m + z. Does 9 divide m?
False
Let c = 6 - 2. Suppose 0 = 4*t - c*g - 68, -2*t + 2 = -t - 4*g. Does 8 divide t?
False
Suppose -3*o + 2*x + 0*x = 20, -4*o - 2*x = 36. Let q(d) = -10 - 5*d + 3*d - d. Is 7 a factor of q(o)?
True
Suppose -4*c = -b + 175, 3*c - 15 = -0*c. Suppose -b = 3*r - 6*r. Does 31 divide r?
False
Suppose 0 = -2*s + 39 + 37. Let t = s - 11. Is 14 a factor of t?
False
Let f be (-5 - -1)*(-765)/20. Suppose 4*i - 3*w - f = 0, -5*w - 143 = -i - 3*i. Is 16 a factor of i?
False
Let t be (2/(-6))/(3/(-18)). Let k be (-1)/((-2)/(1 - -23)). Let q = k - t. Is q a multiple of 4?
False
Suppose 0 = -2*l + 21 + 41. Is 9 a factor of l?
False
Suppose -4*t - 5*j = -t - 91, 17 = t - 5*j. Is t a multiple of 5?
False
Let n(l) be the third derivative of l**5/60 + 3*l**4/8 - l**3/3 + 3*l**2. Let z be n(-9). Let q = 12 - z. Is q a multiple of 5?
False
Suppose 5*y = -3*s - 0*y - 4, 0 = 2*s - 2*y - 24. Is 16 a factor of (-2 + s)*58/10?
False
Let k be (3/2)/((-4)/8). Let l = k - -2. Is 9 a factor of 24 + 0/(l*3)?
False
Let p(d) = 3*d**3 + d. Let z be p(1). Suppose -u = -5*i + 19, 5*i = 3*u + z + 13. Is 3 a factor of i?
False
Suppose -2*q = 3*q - 350. Let o = q - 49. Is o a multiple of 18?
False
Let p(t) = 4*t - 9. Is 14 a factor of p(9)?
False
Is 12 a factor of (-1)/2*(-93 + -3)?
True
Suppose -l = 4*y - 1221, 4*y - 3*l - 1201 = -0*l. Is y a multiple of 20?
False
Let t(d) = 17*d - 1. Let l be t(1). Suppose -2*j + 30 + l = 0. Is j a multiple of 10?
False
Suppose -2*v = -4, 0 = q - 2*v - 27 - 25. Is 27 a factor of q?
False
Suppose 3*n + 16 = n. Let j be -5*(-1)/10*n. Is 7 a factor of (-6)/j*42/7?
False
Let n(l) = -5*l. Let r be n(-1). Suppose -3*w + 0*k + 3*k = -69, 65 = r*w + 5*k. Is w a multiple of 6?
True
Is (45 + -1)*(0 - (0 - 1)) a multiple of 5?
False
Let s(r) = -4*r + 7. Is 4 a factor of s(-3)?
False
Suppose 2*u + 54 = -5*f, 0*f + 2*u - 30 = 2*f. Let a = 17 + f. Suppose 2*x = 5*j + 58, -145 = -a*x - 0*j - 3*j. Is x a multiple of 16?
False
Let v = -13 - -5. Let p(b) = -b - 5. Let x be p(v). Is (-2 - -1)*x*-9 a multiple of 15?
False
Let a = 8 - -26. Suppose v = -3*h + a - 6, 0 = 5*h + 5*v - 30. Is 11 a factor of h?
True
Let p be 4 + -1 - (-8 - -7). Does 13 divide 12/15*130/p?
True
Suppose 37 = 4*h - 63. Let x = 43 - h. Is 14 a factor of x?
False
Suppose p + 7 - 39 = 0. Suppose d - p = 20. Suppose -9*x = -5*x - d. Is 13 a factor of x?
True
Suppose 3*s = -s, 3*s + 9 = 3*u. Suppose u*r - 127 = -43. Let q = -16 + r. Is q a multiple of 12?
True
Let f(z) = 22*z - 1. Let n be (-6)/33 - (-13)/11. Is f(n) a multiple of 21?
True
Suppose 0 = 4*a + 3*b + 1, -5*a = 3*b + 2. Is 9 a factor of 196/21 - a/(-3)?
True
Suppose -6*k + 237 = 21. Does 12 divide k?
True
Let g(x) = 2*x**2 - 4*x + 0*x - 1 + 2*x**2 + 3. Let m be g(3). Let f = -17 + m. Does 3 divide f?
True
Let q = 42 + -25. Is 17 a factor of q?
True
Suppose 0 = -l + 6*l - 2*q - 7, -q - 8 = -4*l. Suppose -4*b = -l*b + 7. Is 15 a factor of ((-30)/b)/((-2)/(-14))?
True
Suppose 2*t = -0*t + 2*d + 72, -4*d = t - 61. Suppose -g + t + 7 = 0. Is g a multiple of 17?
False
Suppose 0*n + 3*n = 0. Let l = n + -1. Is 12 a factor of (-24)/(-10)*(-5)/l?
True
Let b(k) = k**3 - 5*k**2 - 3*k + 4. Is 7 a factor of b(6)?
False
Suppose 8*a - 318 = 6*a. Suppose 3*t - 3*z - a = 0, 3*z - 38 = -t - z. Does 15 divide t?
False
Suppose 6 + 18 = 3*h. Does 2 divide h?
True
Is 9 a factor of 3 + (-36*2)/(-3)?
True
Let p be (-16)/1*(-2 + -3). Let i = p + -46. Does 11 divide i?
False
Let q = -265 - -167. Suppose -5*c - 76 = -c. Let x = c - q. Does 20 divide x?
False
Let v(c) = -52*c**3 - 2*c**2 - 3*c - 2. Suppose 0 = 6*k - 7 + 13. Is 17 a factor of v(k)?
True
Let r(c) = 11*c - 16. Is r(5) a multiple of 2?
False
Let u(j) = j**3 - 22*j**2 - 23*j + 3. Let w be u(23). Let b = 1 - 1. Suppose b = -z + w, 5*p + 3*z - 136 = z. Is p a multiple of 9?
False
Let h(w) = w. Let i be 110/25 - 4/10. Let p be h(i). Suppose -3*b + p*b = 21. Does 12 divide b?
False
Let p(f) = f**3 - f**2 + 15. Does 3 divide p(0)?
True
Is 24 a factor of 71 - (4 + -2 - (-3 + 4))?
False
Suppose -4*p = -0*p + 4*b - 4, b = 3. Let m(s) = s**2 + s - 2. Let f be m(p). Let o = f - -14. Is 14 a factor of o?
True
Let t(o) = o - 3. Is 3 a factor of t(9)?
True
Let v(a) = -a - 7. Let b be (-2)/6 - (-2)/6. Let m be v(b). Let f(k) = k**3 + 6*k**2 - 7*k + 10. Does 5 divide f(m)?
True
Let s(q) = -2*q + 6. Does 9 divide s(-5)?
False
Let n = 32 - -17. Suppose 2*f + 5*h - n = -2*f, -3*f = -5*h - 28. Let m(o) = 4*o. Is m(f) a multiple of 18?
False
Let p(d) = -5*d. Let a be p(-1). Let w(y) = 2 + 1 + 2 + y. Does 10 divide w(a)?
True
Let z(h) = 4*h - 3. Let w be z(-8). Let y = w + 49. Suppose -3*c = -2*c - y. Is c a multiple of 4?
False
Let i(j) = j - 10. Let c be i(10). Suppose 0 = 4*v - 3*v - 3. Suppose 0 = -b - c + v. Does 3 divide b?
True
Let t(b) = -b**3 - 9*b**2 - 10*b. Is t(-8) a multiple of 16?
True
Let u = 3 + -3. Suppose -i + u + 1 = 0. Suppose -i = 3*l - 28. Does 8 divide l?
False
Let a be (-30)/(-12)*(-6)/(-5). Suppose v + 11 = 5*w, -5*v = -a*w + w - 37. Is 9 a factor of v?
True
Let m(i) = i**2 + 3. Let y be 6/(-33) + 84/(-22). Let f be m(y). Suppose 5*d = f + 46. Does 13 divide d?
True
Let v be ((-16)/(-24))/(2/120). Let u be (1 - 4 - -2)/(-1). Is u + v + -3 + 0 a multiple of 10?
False
Let n(v) = v**2 + 4*v - 5. Let f = 17 + -25. Is 11 a factor of n(f)?
False
Let n(k) = -k**3 + k**2 + 62. Let v be n(0). Suppose v - 22 = 2*j. Does 10 divide j?
True
Suppose 4*n - 182 = 54. Does 15 divide n?
False
Suppose 3*x = 5*p + 44, 4*x - 4*p - 60 = 4. Is 16 a factor of x?
False
Let t = 38 + 37. Does 25 divide t?
True
Let y(t) = -5 - t + 3*t + 0*t. Let k be y(4). Suppose 4*b - 2*i = -28 + 90, k*i = -9. Is b a multiple of 7?
True
Let z = 23 + -8. Does 14 divide z?
False
Does 21 divide (3/9)/((-4)/(-468))?
False
Suppose 4*k - 2*l - 4 = 0, 5*l = -0*k + 5*k + 5. Suppose k = -d - 15. Let t = d + 27. Does 9 divide t?
True
Suppose -2*z = -5*q - z + 7, 2*q - 4*z = -8. Suppose q*n = -n + 144. Is n a multiple of 12?
True
Let u be (4/(-6))/(24/(-756)). Let h = -8 + u. Is h a multiple of 13?
True
Let x(f) be the first derivative of f**3 + f + 1. Let s = 8 + -11. Is 14 a factor of x(s)?
True
Let l be -5 + 1*(1 + 0). Let u = 10 + l. Is u a multiple of 5?
False
Suppose 0*z = 2*z. Suppose z*x = 2*x - 20. Is 4 a factor of x?
False
Let d be 2/(-4) + (-49)/(-2). Suppose 0*h = -h + d. Does 12 divide h?
True
Suppose -4*k = 2*s - 10 + 2, -2*k = -2*s - 10. Let q be 3 - (-3*1)/k. Suppose q*j - 96 = -r + 2*r, 5*r = 5*j - 120. Does 12 divide j?
True
Suppose -2*x + 13 + 15 = 0. Is 9 a factor of x?
False
Let x be 2 - ((-6)/3 + 2). Suppose 22 = x*f + 4*a, 0 = 3*f - 3*a + 8*a - 29. Suppose 3*p + h = 130, -p = f*h + 15 - 69. Does 15 divide p?
False
Suppose 5*x - 74 = 3*u, -u + x - 4*x - 6 = 0. Does 4 divide 16/6*u/(-12)?
True
Let h(b) = -2*b**3 - 6*b**2 + 4*b - 6. Let j be h(-5). Let v be j - (-5)/(5/(-3)). Let u = v - 37. Is u a multiple of 10?
False
Suppose -r = 3 - 6. Let z be (0 - -2)/(0 - -1). Suppose -p - 5*x + r*x = -21, -z*p + 10 = -4*x. Is p a multiple of 12?
False
Suppose -5*o = -4*c - 2, 4*o = -4*c + 3*o + 10. Suppose c*g = -g + 5*p + 36, 5*p + 60 = 5*g. Is g a multiple of 6?
True
Let t(u) = -u**2 + 8*u - 8. Let l be t(6). Suppose -3*a - l*z + 40 = 0, -4*a = z - 17 - 19. Is a a multiple of 5?
False
Suppose 3*a + 3*w = -2 - 1, -a - 2*w - 4 = 0. Suppose s = -a + 5. Suppose 0 = s*h - 0*h - 15. Is h a multiple of 3?
False
Let d be -1 + (-3 - (-21 - -1)). Suppose 0 = -4*f - d + 116. Is 8 a factor of f?
False
Suppose -4*k + 2*k + 20 = 0. Let j = k - 6. Suppose -3*t - 18 = -j*t. Is 8 a factor of t?
False
Suppose 3*g = 74 + 82. Let y be 1/(5/2)*5. Suppose g = 4*t - y*t. Is 13 a factor of t?
True
Let h(s) = s**3 + 6*s**2 - 7*s + 5. Is h(-7) even?
False
Let d(u) = u + 16. Let b be d(-14). Suppose -b*j + 0*n + 38 = -n, 3*n = -4*j + 86. Does 9 divide j?
False
Suppose -15 + 0 = -5*u. Suppose u*j = -8 - 7. Is 8 a factor of 0/j + 15 + 1?
True
Let c = 48 + 27. Is 8 a factor of c?
False
Suppose -b + l + 0*l - 7 = 0, -3*l + 3 = 3*b. Is (18/b + 2)*-3 a multiple of 3?
True
Let m(x) = -x**2 + 2*x + 2. Suppose -q - 2 = 2